-125582?
-126130
In base 13, what is -b - 27b937?
-27b945
In base 11, what is -7191770 - 2a?
-719179a
In base 11, what is 34513127 + -1?
34513126
In base 5, what is 10300142133 - 1?
10300142132
In base 9, what is -117 + -204272?
-204400
In base 7, what is 2 + -2264600323?
-2264600321
In base 12, what is -8 + -b42b8a?
-b42b96
In base 2, what is 1001 - -110110110101001011000001?
110110110101001011001010
In base 12, what is 1239 - 15839?
-14600
In base 2, what is 0 + 1011110100000010010010?
1011110100000010010010
In base 2, what is 100 + 11111010101101000100110?
11111010101101000101010
In base 6, what is 0 - 1404045051?
-1404045051
In base 12, what is 290ab954 - 1?
290ab953
In base 2, what is -1111100010001000011100 + 10000111?
-1111100010000110010101
In base 13, what is 6066b - 84b?
5cb20
In base 13, what is -15 - 6935c5?
-69360a
In base 2, what is 100011 + 11111000100011011010?
11111000100011111101
In base 5, what is -2442221342 - 132?
-2442222024
In base 2, what is -1110101010 + -1000000111011?
-1001111100101
In base 3, what is -1020022 - -221112101?
220022002
In base 15, what is -5 - 12690?
-12695
In base 4, what is -3210 + -20303323?
-20313133
In base 15, what is 190 + 2117a4?
211944
In base 6, what is 2214412 - -150?
2215002
In base 9, what is -3023 + 21873?
17850
In base 12, what is -1385a7a7 - 0?
-1385a7a7
In base 4, what is 202301 - -101302?
310203
In base 14, what is -3031b - -247?
-300b4
In base 11, what is -1737687 - -1?
-1737686
In base 12, what is -113 - -65a?
547
In base 11, what is 656 + 80aa0?
81646
In base 15, what is 14 + 34b5d5?
34b5e9
In base 9, what is -1121 + 31540?
30418
In base 6, what is 4 + -2030440203?
-2030440155
In base 13, what is -1492cc8 - -12?
-1492cb6
In base 2, what is -11001010000111100101101011 - 10?
-11001010000111100101101101
In base 15, what is -5 + -179ac0b?
-179ac11
In base 9, what is 261243 - 55?
261177
In base 3, what is 11222212211210010 - 12?
11222212211202221
In base 3, what is -201222110 + 111111022?
-20111011
In base 2, what is -10111110001000 - -10001000000011?
-110110000101
In base 11, what is -77270 + -554?
-77814
In base 3, what is -100012020011 - -12020200?
-22222222111
In base 15, what is -296 - 24e6?
-278c
In base 13, what is -4a50 + 4a17?
-36
In base 5, what is 3 + -40104231000?
-40104230442
In base 2, what is 1110011110101101110 - 111?
1110011110101100111
In base 11, what is -20729aa + 8?
-20729a2
In base 14, what is -42 + 2300aa3?
2300a61
In base 13, what is -1a - -182a7a?
182a60
In base 8, what is -6 + -662455566?
-662455574
In base 12, what is -1ab622 - -3?
-1ab61b
In base 11, what is -514 + a4?
-420
In base 9, what is -1105257 - -17?
-1105240
In base 9, what is -21887202 - -2?
-21887200
In base 11, what is 6 - 2535876?
-2535870
In base 6, what is 2150225 - -1033?
2151302
In base 13, what is 3134a8 - -4?
3134ac
In base 8, what is -57 - 3533565?
-3533644
In base 9, what is 7 - -16820758?
16820766
In base 8, what is -4 + -104373737?
-104373743
In base 14, what is -11 - -da44?
da33
In base 12, what is -79279a - 1?
-79279b
In base 8, what is 27 - -745275?
745324
In base 16, what is 25bd + -17b?
2442
In base 6, what is 2 - -1105255421?
1105255423
In base 14, what is 16d4 - 3d47?
-2653
In base 14, what is -50a60 + -14?
-50a74
In base 4, what is 100322 + -10222233?
-10121311
In base 16, what is -20b94d7 - 3?
-20b94da
In base 15, what is 219 + -8ad?
-694
In base 2, what is 1001111010010 - -1110011101011?
11000010111101
In base 16, what is 39be - -67e8?
a1a6
In base 2, what is 1001100010110001 + -10110010100?
1001001100011101
In base 16, what is -3d8 + b1a?
742
In base 15, what is -3 + -26d24e8?
-26d24eb
In base 14, what is 32a68 + 2dd?
32d67
In base 16, what is -a38 - 3b23?
-455b
In base 5, what is -313 + -10202201?
-10203014
In base 12, what is 5470711 + 2?
5470713
In base 10, what is 7200 + -4601?
2599
In base 8, what is 0 - -67136770?
67136770
In base 8, what is 33555 + 12076?
45653
In base 6, what is 102124133 - -111?
102124244
In base 16, what is a + 2b2d2?
2b2dc
In base 12, what is 1810a973b + 1?
1810a9740
In base 13, what is -7c7 + -10054?
-1084b
In base 3, what is 11001100220212 - -11?
11001100221000
In base 13, what is 18b9 - -7?
18c3
In base 8, what is 0 - -270402335?
270402335
In base 15, what is -16e514b2 - 0?
-16e514b2
In base 9, what is 287 + 55271?
55568
In base 6, what is -21340440 - 1?
-21340441
In base 15, what is -17bcc - 23?
-17c00
In base 9, what is 34211 + -3612?
30488
In base 9, what is -203737 - -10?
-203727
In base 12, what is 2 - 21a8678?
-21a8676
In base 14, what is 113cd2967 - -3?
113cd296a
In base 12, what is 2 - 111095?
-111093
In base 13, what is 126b0a9b - -b?
126b0aa9
In base 4, what is -13311131113 + -30?
-13311131203
In base 7, what is 544433 - 214?
544216
In base 7, what is -2102250 + 246?
-2102001
In base 6, what is 325001 - -14304?
343305
In base 3, what is -1022201011 - -2111001?
-1020020010
In base 4, what is -111231313 + 12?
-111231301
In base 15, what is 2 + 43a766?
43a768
In base 10, what is -127855372 - 0?
-127855372
In base 5, what is 24032414 - -20033?
24103002
In base 5, what is 32013300131 + -3?
32013300123
In base 12, what is b - 14a4a354?
-14a4a345
In base 15, what is 3 - -2ed900?
2ed903
In base 14, what is 4380bb - 4?
4380b7
In base 12, what is 3 - -1022aa18?
1022aa1b
In base 10, what is 223 + -3326180?
-3325957
In base 3, what is 100010 - 102201001112212?
-102201001012202
In base 8, what is 3564 + -50356?
-44572
In base 13, what is 1606756 + -50?
1606706
In base 16, what is -ada5 - -6e9?
-a6bc
In base 2, what is 1111010000110 - 10101111100?
1100100001010
In base 2, what is -101100000011 + 10011000001?
-11001000010
In base 2, what is 0 - 11001001110001010101101100?
-11001001110001010101101100
In base 10, what is 0 - -1767490?
1767490
In base 5, what is 11141344 - -4341?
11201240
In base 14, what is 1a - -69d8d?
69da9
In base 16, what is d6be7 + -11?
d6bd6
In base 2, what is 101111010010110101101110 - -11011?
101111010010110110001001
In base 14, what is 11a9152 + -2?
11a9150
In base 15, what is -2d0cd00 - -5?
-2d0ccea
In base 6, what is 14524 - -2405?
21333
In base 8, what is -113235231 - 16?
-113235247
In base 10, what is 4720 - -4298?
9018
In base 7, what is -106451414 - -3?
-106451411
In base 9, what is 651 + -1043412?
-1042651
In base 15, what is 237e8b + -34?
237e57
In base 16, what is 5 - -6dc052?
6dc057
In base 2, what is 1010100011101111101111010 + 10111?
1010100011101111110010001
In base 10, what is -26595735 + -24?
-26595759
In base 5, what is -400230 + -41434?
-442214
In base 16, what is -22 - 18c3bc?
-18c3de
In base 9, what is -441854676 + 1?
-441854675
In base 13, what is 2 + -2765881?
-276587c
In base 13, what is -5b2716 + 3?
-5b2713
In base 15, what is -5163 - -64d?
-4a15
In base 14, what is -2421281a + 1?
-24212819
In base 10, what is -9537 + 22?
-9515
In base 12, what is -8a807 + 22?
-8a7a5
In base 10, what is -762444 + 249?
-762195
In base 4, what is 310101111 + 10301?
310112012
In base 9, what is -78 - 1168555?
-1168644
In base 15, what is -1e13e64 + -2?
-1e13e66
In base 14, what is -7b + 390a?
386d
In base 9, what is -4 + -14644107?
-14644112
In base 15, what is d75 - 14e0?
-66a
In base 5, what is 100003014201 - 4?
100003014142
In base 14, what is -363 + -5d9d?
-6322
In base 9, what is -1163 + -7168?
-8342
In base 5, what is -343314 + 202?
-343112
In base 6, what is -4 + -3355310031?
-3355310035
In base 4, what is 33213103201031 - 0?
33213103201031
In base 7, what is -21 - 115052262?
-115052313
In base 16, what is -ae18 - 60?
-ae78
In base 9, what is -1385483 + 617?
-1384765
In base 3, what is 120 - -1002000211121?
1002000212011
In base 12, what is 3 - 43b813a?
-43b8137
In base 4, what is -23 - 111013232?
-111013321
In base 8, what is -662 - -1271072?
1270210
In base 9, what is -22874 + 133?
-22741
In base 5, what is 2011344043 + 144?
2011344242
In base 15, what is 3 + -27e2c00?
-27e2bec
In base 3, what is -1000 - 2020120011221?
-2020120012221
In base 11, what is 142592434 - -1?
142592435
In base 5, what is 2123 - -304204441?
304212114
In base 12, what is -17734 - -1671?
-16083
In base 13, what is -2 - -4687343?
4687341
In base 13, what is 16a5cc + -6c?
16a560
In base 4, what is 1301102 + 1120301?
3022003
In base 3, wha